{"id":2328,"date":"2024-11-06T11:37:12","date_gmt":"2024-11-06T11:37:12","guid":{"rendered":"https:\/\/medalab.us\/politica-de-privacidade\/"},"modified":"2025-07-15T08:22:29","modified_gmt":"2025-07-15T08:22:29","slug":"politica-de-privacidade","status":"publish","type":"page","link":"https:\/\/medalab.us\/pt-pt\/politica-de-privacidade\/","title":{"rendered":"Pol\u00edtica de privacidade"},"content":{"rendered":"\n<div class=\"container my-5 py-md-3\">\n<div class=\"row\">\n\n<div class=\"col-md-4 px-3 mb-5 pb-3\">\n<nav class=\"legal-menu\">\n<h3 class=\"pb-3 border-bottom\"><strong>POL\u00cdTICA DE PRIVACIDADE<\/strong><\/h3>\n<ul class=\"unstyled\">\n<li class=\"py-3 border-bottom\"><h3><a href=\"#tc1\">1. Quem \u00e9 o respons\u00e1vel pelo tratamento dos dados pessoais<\/a><\/h3><\/li>\n<li class=\"py-3 border-bottom\"><h3><a href=\"#tc2\">2. Que dados pessoais s\u00e3o recolhidos e como s\u00e3o obtidos<\/a><\/h3><\/li>\n<li class=\"py-3 border-bottom\"><h3><a href=\"#tc3\">3. Durante quanto tempo se conservam os dados<\/a><\/h3><\/li>\n<li class=\"py-3 border-bottom\"><h3><a href=\"#tc4\">4. Com quem s\u00e3o partilhados os dados<\/a><\/h3><\/li>\n<\/ul>\n<\/nav>\n<\/div>\n\n<div class=\"col-md-8 px-3\">\n\n<h3 class=\"mb-4\" id=\"tc1\">1. Quem \u00e9 o respons\u00e1vel pelo tratamento dos dados pessoais<\/h3>\n\n<p>Nome do titular: SAMVETE S.A. de C.V. <br\/>Endere\u00e7o fiscal: Calle 43 No.541-o, Col. Centro, M\u00e9rida, Yucat\u00e1n. CP.97000, M\u00e9xico<br\/>RFC (Cadastro Fiscal): SAM2309181K7<br\/>Telefone de contato: 999 514 2016<br\/>E-mail: sales@medalab.mx  <\/p>\n\n<h3 class=\"mb-4 mt-5\" id=\"tc2\">2. Que dados pessoais s\u00e3o recolhidos e como s\u00e3o obtidos<\/h3>\n\n<p>Na SAMVETE S.A. de C.V., tratamos as informa\u00e7\u00f5es que voc\u00ea nos fornece com a finalidade de prestar o servi\u00e7o solicitado e realizar a sua fatura\u00e7\u00e3o. Por este motivo, recolhemos os dados de nome, apelido, morada, n\u00famero de telefone, n\u00famero de DNI\/NIF\/Passaporte ou qualquer documento equivalente que nos permita emitir faturas de acordo com o Real Decreto 1619\/2012, de 30 de novembro.<\/p>\n\n<p>Estes dados procedem de:<\/p>\n\n<ul>\n<li>Formul\u00e1rios de contacto.<\/li>\n<li>Formul\u00e1rios de registo de clientes.<\/li>\n<\/ul>\n\n<h3 class=\"mb-4 mt-5\" id=\"tc3\">3. Durante quanto tempo se conservam os dados<\/h3>\n\n<p>Os dados fornecidos ser\u00e3o conservados enquanto perdurar a rela\u00e7\u00e3o comercial ou durante o tempo necess\u00e1rio para o cumprimento de obriga\u00e7\u00f5es legais e para fazer face a eventuais responsabilidades que possam advir do cumprimento da finalidade para a qual os dados foram recolhidos.<\/p>\n\n<h3 class=\"mb-4 mt-5\" id=\"tc4\">4. Com quem s\u00e3o partilhados os dados<\/h3>\n\n<p>Os dados n\u00e3o ser\u00e3o compartilhados com terceiros, salvo obriga\u00e7\u00e3o legal ou quando, para a presta\u00e7\u00e3o do servi\u00e7o contratado, for imprescind\u00edvel contar com um fornecedor de servi\u00e7os externo \u00e0 SAMVETE S.A. de C.V. Nesses casos, ser\u00e1 solicitado o consentimento formal e expresso do usu\u00e1rio.<\/p>\n\n<p>Neste ponto, como regra geral, a SAMVETE S.A. de C.V. compartilha dados com os seguintes fornecedores, sob suas respectivas condi\u00e7\u00f5es de privacidade:<\/p>\n\n<p>Asesor\u00eda Castilla S.L. para a presta\u00e7\u00e3o de servi\u00e7os financeiros e contabil\u00edsticos.<\/p>\n\n<p>Google Analytics: v\u00ednculo \u00e0s suas condi\u00e7\u00f5es de processamento de dados.<\/p>\n\n<p>Webempresa SL: oferece servi\u00e7os de alojamento Web e de correio eletr\u00f3nico.<\/p>\n\n<p>Voc\u00ea tem o direito de obter informa\u00e7\u00f5es sobre se a SAMVETE est\u00e1 tratando seus dados pessoais. Assim, poder\u00e1 exercer seus direitos de acesso, retifica\u00e7\u00e3o, exclus\u00e3o, portabilidade de dados, oposi\u00e7\u00e3o e limita\u00e7\u00e3o ao tratamento perante a SAMVETE S.A. de C.V., com sede na Calle 43 No.541-O, Centro, CEP 97000, M\u00e9rida, Yucat\u00e1n, M\u00e9xico, ou por meio do e-mail sales@medalab.mx, anexando uma c\u00f3pia do seu documento de identidade ou equivalente.<\/p>\n\n<p>Al\u00e9m disso, e em especial se considerar que n\u00e3o obteve plena satisfa\u00e7\u00e3o no exerc\u00edcio dos seus direitos, pode apresentar uma queixa \u00e0 autoridade nacional de controlo, contactando-a.<\/p>\n<\/div>\n\n<\/div>\n<\/div>\n\n<style>header {position: relative;background-color: #00dcf7;box-shadow: 0px 3px 6px #00000029;}\n.cart-menu-item a {background-color: #FFFEFD;color: #00dcf7 !important;}\n.menu > li > a:hover {color: #008CA0 !important;}\n.logo-menu svg {fill: #FFFEFD;}\n.wpml-ls-item .sub-menu {background: #00000029;}\n<\/style>\n","protected":false},"excerpt":{"rendered":"<p>POL\u00cdTICA DE PRIVACIDADE 1. Quem \u00e9 o respons\u00e1vel pelo tratamento dos dados pessoais 2. Que dados pessoais s\u00e3o recolhidos e como s\u00e3o obtidos 3. Durante quanto tempo se conservam os dados 4. Com quem s\u00e3o partilhados os dados 1. Quem \u00e9 o respons\u00e1vel pelo tratamento dos dados pessoais Nome do titular: SAMVETE S.A. de C.V. [&hellip;]<\/p>\n","protected":false},"author":1,"featured_media":0,"parent":0,"menu_order":0,"comment_status":"closed","ping_status":"closed","template":"","meta":{"footnotes":""},"class_list":["post-2328","page","type-page","status-publish","hentry"],"_links":{"self":[{"href":"https:\/\/medalab.us\/pt-pt\/wp-json\/wp\/v2\/pages\/2328","targetHints":{"allow":["GET"]}}],"collection":[{"href":"https:\/\/medalab.us\/pt-pt\/wp-json\/wp\/v2\/pages"}],"about":[{"href":"https:\/\/medalab.us\/pt-pt\/wp-json\/wp\/v2\/types\/page"}],"author":[{"embeddable":true,"href":"https:\/\/medalab.us\/pt-pt\/wp-json\/wp\/v2\/users\/1"}],"replies":[{"embeddable":true,"href":"https:\/\/medalab.us\/pt-pt\/wp-json\/wp\/v2\/comments?post=2328"}],"version-history":[{"count":5,"href":"https:\/\/medalab.us\/pt-pt\/wp-json\/wp\/v2\/pages\/2328\/revisions"}],"predecessor-version":[{"id":3450,"href":"https:\/\/medalab.us\/pt-pt\/wp-json\/wp\/v2\/pages\/2328\/revisions\/3450"}],"wp:attachment":[{"href":"https:\/\/medalab.us\/pt-pt\/wp-json\/wp\/v2\/media?parent=2328"}],"curies":[{"name":"wp","href":"https:\/\/api.w.org\/{rel}","templated":true}]}}

Política de privacidade

<div class="container my-5 py-md-3">
<div class="row">

<div class="col-md-4 px-3 mb-5 pb-3">
<nav class="legal-menu">
<h3 class="pb-3 border-bottom"><strong>POLÍTICA DE PRIVACIDADE</strong></h3>
<ul class="unstyled">
<li class="py-3 border-bottom"><h3><a href="#tc1">1. Quem é o responsável pelo tratamento dos dados pessoais</a></h3></li>
<li class="py-3 border-bottom"><h3><a href="#tc2">2. Que dados pessoais são recolhidos e como são obtidos</a></h3></li>
<li class="py-3 border-bottom"><h3><a href="#tc3">3. Durante quanto tempo se conservam os dados</a></h3></li>
<li class="py-3 border-bottom"><h3><a href="#tc4">4. Com quem são partilhados os dados</a></h3></li>
</ul>
</nav>
</div>

<div class="col-md-8 px-3">

<h3 class="mb-4" id="tc1">1. Quem é o responsável pelo tratamento dos dados pessoais</h3>

<p>Nome do titular: SAMVETE S.A. de C.V. <br/>Endereço fiscal: Calle 43 No.541-o, Col. Centro, Mérida, Yucatán. CP.97000, México<br/>RFC (Cadastro Fiscal): SAM2309181K7<br/>Telefone de contato: 999 514 2016<br/>E-mail: sales@medalab.mx  </p>

<h3 class="mb-4 mt-5" id="tc2">2. Que dados pessoais são recolhidos e como são obtidos</h3>

<p>Na SAMVETE S.A. de C.V., tratamos as informações que você nos fornece com a finalidade de prestar o serviço solicitado e realizar a sua faturação. Por este motivo, recolhemos os dados de nome, apelido, morada, número de telefone, número de DNI/NIF/Passaporte ou qualquer documento equivalente que nos permita emitir faturas de acordo com o Real Decreto 1619/2012, de 30 de novembro.</p>

<p>Estes dados procedem de:</p>

<ul>
<li>Formulários de contacto.</li>
<li>Formulários de registo de clientes.</li>
</ul>

<h3 class="mb-4 mt-5" id="tc3">3. Durante quanto tempo se conservam os dados</h3>

<p>Os dados fornecidos serão conservados enquanto perdurar a relação comercial ou durante o tempo necessário para o cumprimento de obrigações legais e para fazer face a eventuais responsabilidades que possam advir do cumprimento da finalidade para a qual os dados foram recolhidos.</p>

<h3 class="mb-4 mt-5" id="tc4">4. Com quem são partilhados os dados</h3>

<p>Os dados não serão compartilhados com terceiros, salvo obrigação legal ou quando, para a prestação do serviço contratado, for imprescindível contar com um fornecedor de serviços externo à SAMVETE S.A. de C.V. Nesses casos, será solicitado o consentimento formal e expresso do usuário.</p>

<p>Neste ponto, como regra geral, a SAMVETE S.A. de C.V. compartilha dados com os seguintes fornecedores, sob suas respectivas condições de privacidade:</p>

<p>Asesoría Castilla S.L. para a prestação de serviços financeiros e contabilísticos.</p>

<p>Google Analytics: vínculo às suas condições de processamento de dados.</p>

<p>Webempresa SL: oferece serviços de alojamento Web e de correio eletrónico.</p>

<p>Você tem o direito de obter informações sobre se a SAMVETE está tratando seus dados pessoais. Assim, poderá exercer seus direitos de acesso, retificação, exclusão, portabilidade de dados, oposição e limitação ao tratamento perante a SAMVETE S.A. de C.V., com sede na Calle 43 No.541-O, Centro, CEP 97000, Mérida, Yucatán, México, ou por meio do e-mail sales@medalab.mx, anexando uma cópia do seu documento de identidade ou equivalente.</p>

<p>Além disso, e em especial se considerar que não obteve plena satisfação no exercício dos seus direitos, pode apresentar uma queixa à autoridade nacional de controlo, contactando-a.</p>
</div>

</div>
</div>

<style>header {position: relative;background-color: #00dcf7;box-shadow: 0px 3px 6px #00000029;}
.cart-menu-item a {background-color: #FFFEFD;color: #00dcf7 !important;}
.menu > li > a:hover {color: #008CA0 !important;}
.logo-menu svg {fill: #FFFEFD;}
.wpml-ls-item .sub-menu {background: #00000029;}
</style>

<p>POLÍTICA DE PRIVACIDADE 1. Quem é o responsável pelo tratamento dos dados pessoais 2. Que dados pessoais são recolhidos e como são obtidos 3. Durante quanto tempo se conservam os dados 4. Com quem são partilhados os dados 1. Quem é o responsável pelo tratamento dos dados pessoais Nome do titular: SAMVETE S.A. de C.V. [&hellip;]</p>
